{"id":14105,"date":"2022-04-06T17:01:03","date_gmt":"2022-04-06T20:01:03","guid":{"rendered":"https:\/\/tacuarembo.gub.uy\/?page_id=14105"},"modified":"2024-03-12T08:34:41","modified_gmt":"2024-03-12T11:34:41","slug":"solicitud-de-acceso-transparencia","status":"publish","type":"page","link":"https:\/\/tacuarembo.gub.uy\/?page_id=14105","title":{"rendered":"Solicitud de Acceso &#8211; Transparencia"},"content":{"rendered":"\n<p><strong>PRESUPUESTALES<\/strong><\/p>\n\n\n\n<p><a href=\"https:\/\/tacuarembo.gub.uy\/wp-content\/uploads\/Dec-25-Presupuesto-Quinquenal-IDT-2021-2025.pdf\">Presupuesto Quinquenal IDT 2021-2025<\/a><\/p>\n\n\n\n<p><a href=\"https:\/\/tacuarembo.gub.uy\/wp-content\/uploads\/Resolucion-DEC-25.pdf\">Decreto N\u00ba 25 \u2013 23\/10\/21<\/a><\/p>\n\n\n\n<p><\/p>\n\n\n\n<p><strong>SOLICITUD ACCESO INFORMACI\u00d3N P\u00daBLICA:<\/strong><\/p>\n\n\n\n<p><strong>Si desea realizar una solicitud de acceso a la informaci\u00f3n p\u00fablica, de acuerdo al Art. 13 de la Ley 18331, puede descargar, completar y debe presentar <u>en forma presencial<\/u>, el formulario que se adjunta en esta secci\u00f3n, en Mesa Reguladora de la Intendencia de Tacuaremb\u00f3. Recuerde que el plazo para responder la solicitud es de 20 d\u00edas h\u00e1biles a partir de presentada, la solicitud. El plazo podr\u00e1 prorrogarse por otros 20 d\u00edas h\u00e1biles en casos excepcionales.<\/strong><\/p>\n\n\n\n<p><strong>CAPITULO TERCERO &#8211; DEL PROCEDIMIENTO ADMINISTRATIVO PARA ACCEDER A LA INFORMACION PUBLICA<\/strong><\/p>\n\n\n\n<p><a><\/a>Art\u00edculo 13<\/p>\n\n\n\n<p>&nbsp;(De la solicitud y sus requisitos). &#8211; Toda persona f\u00edsica o jur\u00eddica<\/p>\n\n\n\n<p>interesada en acceder a la informaci\u00f3n p\u00fablica en poder de los sujetos obligados por la presente ley, deber\u00e1 hacerlo mediante solicitud escrita ante el titular del organismo. En dicha solicitud deber\u00e1 constar:<\/p>\n\n\n\n<p>A) La identificaci\u00f3n del solicitante, su domicilio y forma de<\/p>\n\n\n\n<p>&nbsp;&nbsp; Comunicaci\u00f3n.<\/p>\n\n\n\n<p>B) La descripci\u00f3n clara de la informaci\u00f3n requerida y cualquier dato que facilite su localizaci\u00f3n.<\/p>\n\n\n\n<p>C) Y, opcionalmente, el soporte de informaci\u00f3n preferido, sin constituir este \u00faltimo una obligaci\u00f3n para el organismo.<\/p>\n\n\n\n<p><em>\u00abDe conformidad con la Ley N\u00b0 18.331, de 11 de agosto de 2008, de Protecci\u00f3n de Datos Personales y Acci\u00f3n de Habeas Data (LPDP), los datos suministrados por usted quedar\u00e1n incorporados en una base de datos, la cual ser\u00e1 procesada exclusivamente para la siguiente finalidad: **Objetivo del formulario**<\/em>.<\/p>\n\n\n\n<p><\/p>\n\n\n\n<div data-wp-interactive=\"core\/file\" class=\"wp-block-file\"><object data-wp-bind--hidden=\"!state.hasPdfPreview\" hidden class=\"wp-block-file__embed\" data=\"https:\/\/tacuarembo.gub.uy\/wp-content\/uploads\/inf.publica1.pdf\" type=\"application\/pdf\" style=\"width:100%;height:600px\" aria-label=\"PDF incrustado\"><\/object><a href=\"https:\/\/tacuarembo.gub.uy\/wp-content\/uploads\/inf.publica1.pdf\" class=\"wp-block-file__button wp-element-button\" download><strong>Descargar Formulario<\/strong><\/a><\/div>\n","protected":false},"excerpt":{"rendered":"<p>PRESUPUESTALES Presupuesto Quinquenal IDT 2021-2025 Decreto N\u00ba 25 \u2013 23\/10\/21 SOLICITUD ACCESO INFORMACI\u00d3N P\u00daBLICA: Si desea realizar una solicitud de acceso a la informaci\u00f3n p\u00fablica,&#8230;<\/p>\n","protected":false},"author":3,"featured_media":0,"parent":0,"menu_order":0,"comment_status":"closed","ping_status":"closed","template":"","meta":{"_eb_attr":"","footnotes":""},"class_list":["post-14105","page","type-page","status-publish"],"_links":{"self":[{"href":"https:\/\/tacuarembo.gub.uy\/index.php?rest_route=\/wp\/v2\/pages\/14105","targetHints":{"allow":["GET"]}}],"collection":[{"href":"https:\/\/tacuarembo.gub.uy\/index.php?rest_route=\/wp\/v2\/pages"}],"about":[{"href":"https:\/\/tacuarembo.gub.uy\/index.php?rest_route=\/wp\/v2\/types\/page"}],"author":[{"embeddable":true,"href":"https:\/\/tacuarembo.gub.uy\/index.php?rest_route=\/wp\/v2\/users\/3"}],"replies":[{"embeddable":true,"href":"https:\/\/tacuarembo.gub.uy\/index.php?rest_route=%2Fwp%2Fv2%2Fcomments&post=14105"}],"version-history":[{"count":5,"href":"https:\/\/tacuarembo.gub.uy\/index.php?rest_route=\/wp\/v2\/pages\/14105\/revisions"}],"predecessor-version":[{"id":24690,"href":"https:\/\/tacuarembo.gub.uy\/index.php?rest_route=\/wp\/v2\/pages\/14105\/revisions\/24690"}],"wp:attachment":[{"href":"https:\/\/tacuarembo.gub.uy\/index.php?rest_route=%2Fwp%2Fv2%2Fmedia&parent=14105"}],"curies":[{"name":"wp","href":"https:\/\/api.w.org\/{rel}","templated":true}]}}